4*t + p*s = -2. Let v be (-175)/(-42) - t/12. What is the greatest common factor of v and 20?
4
Let p(x) be the second derivative of -x**3/6 + 3*x**2/2 - 12*x. Let r be p(9). Let y = r + 26. What is the greatest common divisor of y and 10?
10
Let g(p) = p**2 + p + 2. Let t be g(3). Let n be (14/42)/((-1)/(-210)). Calculate the greatest common factor of t and n.
14
Suppose 8*d + 11 + 165 = 0. Let c be ((-80)/(-32))/((1/d)/(-1)). What is the greatest common factor of 11 and c?
11
Let x be ((-11)/(-4))/((-11)/(-1100)). Suppose -7*q = -12*q + x. Let m = q - 33. Calculate the greatest common factor of m and 110.
22
Suppose -4*v + 24 = -0*v. Suppose -v*m - 176 = -488. What is the greatest common factor of m and 13?
13
Suppose 229 = t + 3*j, 0 - 205 = -t + 5*j. Calculate the highest common factor of 20 and t.
20
Let b(u) = -2*u**3 - 2*u**2 - 3*u - 7. Let s be b(-5). Calculate the highest common factor of 26 and s.
26
Let w(o) = o**3 + 15*o**2 - 14*o + 35. Let q be w(-16). Suppose -4*n = 20, q*b = 4*b + 3*n - 84. Calculate the highest common factor of b and 9.
9
Suppose 4*g + 128 = 132. What is the highest common factor of g and 17?
1
Let f be 1/((-1)/(-33))*1. Suppose -a - 3 = -5. Suppose -4*n = -a*n - 44. What is the greatest common factor of n and f?
11
Let n = 440 - 167. What is the greatest common factor of 156 and n?
39
Suppose -4*w = 9*w - 2002. Calculate the highest common divisor of 42 and w.
14
Let o be 3/4 - ((-2097)/36 + -1). Let n be 19 - (-1 - -1) - -1. Calculate the greatest common divisor of n and o.
20
Let b(g) = g**3 - 3*g**2 - 14*g + 71. Let d be b(5). Suppose 3*y - 5*p - 28 = -2, -4*p + 105 = 5*y. What is the greatest common divisor of d and y?
17
Suppose -6*u = -11*u + 2*b + 41, b + 7 = u. Calculate the highest common divisor of u and 45.
9
Let j be 12*(4 - 2)*16. Suppose 2*v - 192 = u, -3*u + j = 4*v - u. What is the highest common divisor of v and 12?
12
Let o(v) = -v - 24. Let l be o(-10). Let n = 19 + l. Suppose 52 = 7*c - n*c. Calculate the greatest common divisor of c and 26.
26
Let k(a) = -23*a + 118. Let u be k(2). Calculate the greatest common divisor of u and 99.
9
Let y = -27 + 33. Let o(j) = -j + 19. Let b be o(y). What is the greatest common divisor of 104 and b?
13
Let a = 22 + -21. Let t = a + 4. Let u(c) = 36*c**3 - 2*c**2 + 2*c - 1. Let f be u(1). What is the highest common divisor of t and f?
5
Suppose 2*u + 17 = 49. Calculate the highest common divisor of 6 and u.
2
Let v be -542*((-36)/(-8) - 4). Let o = v + 535. Calculate the greatest common factor of o and 24.
24
Suppose -16 = -2*q + 2*f, 4*f + 40 - 88 = -4*q. Suppose 2*y - 11 = 9. Suppose 0*a + y = 2*a. What is the highest common factor of q and a?
5
Suppose -25*u + 22*u = -453. Let r = 47 + u. Suppose -q = -3*a + 5*a - 32, a + 105 = 5*q. What is the greatest common factor of q and r?
22
Let u(v) = -5*v + 187. Let f be u(32). Calculate the highest common factor of 207 and f.
9
Let l be 999/((-3)/(-4) - 36/(-48)). Calculate the highest common divisor of 74 and l.
74
Suppose -8*t - 75 = 293. Let s = t + 69. Calculate the highest common factor of 92 and s.
23
Suppose 0 = 28*v - 220 - 1796. What is the greatest common factor of 144 and v?
72
Let d(y) = -23*y - 145. Let a be d(-7). Let b = 35 - -5. What is the highest common factor of b and a?
8
Suppose 0 = 2*a - 3*i - 6, -35 = -3*a - 5*i + 3*i. Suppose -4*u = -2 - 6. Let o be (144/(-2))/(u + -3). Calculate the highest common factor of o and a.
9
Let n(u) = 2*u + 4. Let g be (12/15)/((-1)/(-5)). Let i be n(g). Let v be (-1386)/(-27)*(217/(-49) + 7). What is the greatest common factor of i and v?
12
Let d be 29/7*13 - 29/(-203). Let g be 8*(2 + 3/12). Calculate the highest common factor of d and g.
18
Suppose 2*c - 132 = -2*o, 4*c - 15 = -3. Calculate the highest common factor of o and 21.
21
Suppose -4*r = 2*p - 98, -6*r - 69 = -p - 3*r. Calculate the highest common factor of p and 21.
3
Suppose -6 + 1 = -5*x. Let g be x - (-27)/3 - (3 - 3). Calculate the greatest common divisor of 110 and g.
10
Suppose -2*r + 25*s = 28*s - 2551, 3*r - 4*s = 3818. Calculate the highest common divisor of r and 98.
98
Let l be 1169 - ((-2)/2 - 60/10). What is the greatest common factor of l and 24?
24
Suppose 0 = 2*o + 3 - 33. Suppose -6 - 324 = -2*n. Calculate the greatest common factor of o and n.
15
Suppose 21 = 4*q + 9. Suppose -2*f - b + 184 = 0, -3*f + q*b + 332 - 74 = 0. What is the highest common divisor of 10 and f?
10
Let m(n) = 2*n**3 - 10*n**2 + n + 5. Let d be (3 + -2)/(1/5). Let l be m(d). Calculate the highest common factor of l and 4.
2
Let q be 8/(-10)*705/(-94). What is the highest common factor of 78 and q?
6
Let t(u) = -3*u**2 + 7*u - 6. Let r be t(4). Let g = -6 - r. What is the greatest common divisor of 140 and g?
20
Suppose -5*o - 19 = 3*n + 32, 3*o + 37 = -5*n. Let y = o - 1. Let d be (15/y - -2)*2. What is the highest common divisor of 5 and d?
1
Let u = 17 + -18. Let a be -3 + u - -5 - 181. Let y be (a/(-5))/((-1)/(-1)). Calculate the greatest common divisor of y and 9.
9
Let o = 58 - 53. Suppose -4*h + 326 = -5*t, h - o*t + 94 = 2*h. What is the greatest common divisor of 24 and h?
12
Let j = 580 - 382. Let y be 628/28 + (-3)/7. What is the highest common factor of y and j?
22
Suppose 0 = -3*k - 42*r + 40*r + 129, 3*k - 129 = -r. What is the highest common divisor of 1 and k?
1
Let c = 6 - -31. Let m = 143 - c. Calculate the greatest common factor of 53 and m.
53
Let c be 0 + 5 + (1392 - 85). What is the greatest common divisor of c and 41?
41
Suppose -17*q - 11 = -62. Suppose s = 2, q*a - 130 = -a + s. Calculate the highest common factor of a and 3.
3
Let w(b) = -3*b - 13. Let h be w(-4). Let v = 1 - h. Suppose v*l + 2*l - 3*i = 40, 4*i = 5*l - 50. What is the greatest common factor of 10 and l?
10
Suppose 69 + 66 = 3*n. Let f be (-18)/n*(0 + -120). What is the highest common factor of 16 and f?
16
Let g(v) = 4*v + 36. Let y be g(-9). Suppose y = 5*l + 2*d - 91, -36 = -2*l - 3*d + 7. Calculate the highest common factor of 51 and l.
17
Let q(c) = -c**3 + 12*c**2 + 29*c - 1. Let r be q(13). Calculate the greatest common divisor of 27 and r.
9
Let c be 20/140 + 480/21. What is the highest common factor of c and 414?
23
Let v be (-2 - 8/(-10))/((-27)/3060). What is the greatest common divisor of 51 and v?
17
Let n(f) = -21*f - 299. Let m be n(-15). Suppose -4*d + 52 = 20. Calculate the greatest common factor of d and m.
8
Let j = -18 + 34. Let k = 348 - 220. What is the highest common divisor of k and j?
16
Let h(c) = -c**2 - 9*c - 6. Let z be h(-8). Suppose -5*r = 10, -4*r - 99 + 27 = -z*a. Calculate the greatest common divisor of 4 and a.
4
Let c be (-2*936/80)/(2/(-70)). What is the highest common divisor of c and 52?
13
Let p be (-1)/5 + (-130)/(-25). Suppose 0 = -p*x + 3 + 7. Suppose -x - 25 = -d. What is the highest common factor of 27 and d?
27
Let y(j) = j**3 + 6*j**2 + 5*j - 5. Suppose 0 = 5*f - 4*c, 13 = 5*f + 2*c + 43. Let v be y(f). What is the highest common divisor of v and 49?
7
Let s be 43 + 2 - (-4 + 3). Let c be 3*22 + 42/14. Calculate the highest common divisor of c and s.
23
Let b = 529 + -214. Calculate the highest common divisor of 189 and b.
63
Let y(m) = m**3 + 4*m**2 - 2*m - 3. Let c be y(-4). Let q(a) = 25*a - 173. Let w be q(7). What is the highest common divisor of w and c?
1
Let p be 399/(-38)*(-7)/((-63)/(-96)). Calculate the highest common factor of 160 and p.
16
Suppose 111*y + 5*l - 24 = 109*y, -3*y + 2*l = -74. What is the highest common divisor of y and 4994?
22
Let i be 6/2 + -4 + 7. What is the greatest common divisor of 3 and i?
3
Let u be 81 - 5 - 64/16. Calculate the highest common divisor of u and 9.
9
Suppose 4*g = -0*g + 832. Suppose -5*h = -1308 + g. Let c(i) = -i**2 - 11*i - 6. Let b be c(-4). Calculate the highest common divisor of b and h.
22
Let d = 607 - 521. What is the highest common factor of 387 and d?
43
Suppose -3*s - 4*g + 2335 = 0, 4*g - 1203 = -s - 438. Calculate the greatest common divisor of s and 5.
5
Let q(j) = 0*j - 2*j**2 - 7 + 3*j**2 - 2*j. Let n(m) = m**3 - 9*m**2 - 23*m + 18. Let v be n(11). Let s be q(v). Calculate the highest common factor of 7 and s.
7
Let l be (5852/(-304))/(6/(-24)). Suppose -2*q - 4*t + 34 = 0, -3*q + 73 = -5*t - 